{"id":1119,"date":"2025-05-11T19:41:19","date_gmt":"2025-05-11T17:41:19","guid":{"rendered":"https:\/\/sdcreation16.fr\/?post_type=product&#038;p=1119"},"modified":"2025-11-14T15:23:00","modified_gmt":"2025-11-14T14:23:00","slug":"horloge-chat-en-peuplier-et-epoxy-o35cm","status":"publish","type":"product","link":"https:\/\/sdcreation16.fr\/index.php\/product\/horloge-chat-en-peuplier-et-epoxy-o35cm\/","title":{"rendered":"horloge chat en peuplier et epoxy \u00d835cm"},"content":{"rendered":"<p data-path-to-node=\"14\"><b>Horloge Murale Artisanale \u00c9poxy &amp; Bois &#8211; Chat et Chiffres Romains (Diam\u00e8tre 35 cm)<\/b><\/p>\n<p data-path-to-node=\"15\">Cette horloge murale est une pi\u00e8ce de d\u00e9coration unique, combinant l&rsquo;\u00e9clat de l&rsquo;<b>\u00e9poxy cuivre orang\u00e9<\/b> et la chaleur du <b>bois de peuplier de 10 mm<\/b>. Au centre, un motif de <b>chat<\/b> grav\u00e9 apporte une touche majestueuse. Les <b>chiffres romains<\/b> en <b>ch\u00eane<\/b> d\u00e9coup\u00e9s avec pr\u00e9cision et les aiguilles en bois compl\u00e8tent ce design. Elle est \u00e9quip\u00e9e d&rsquo;un <b>m\u00e9canisme silencieux<\/b> pour un confort optimal et d&rsquo;une finition <b>vernis<\/b>. Diam\u00e8tre de <b>35 cm<\/b>.<\/p>\n<h4><b>Caract\u00e9ristiques Uniques :<\/b><\/h4>\n<ul data-path-to-node=\"18\">\n<li>\n<p data-path-to-node=\"18,0,0\"><b>Dimensions :<\/b> <b>35 cm<\/b> de diam\u00e8tre.<\/p>\n<\/li>\n<li>\n<p data-path-to-node=\"18,1,0\"><b>Design :<\/b> Fusion r\u00e9ussie entre le <b>bois naturel<\/b> et l&rsquo;<b>\u00e9poxy<\/b> teint\u00e9 d&rsquo;un <b>rouge cuivr\u00e9 orang\u00e9<\/b> profond et un bord transparent.<\/p>\n<\/li>\n<li>\n<p data-path-to-node=\"18,2,0\"><b>Mat\u00e9riaux Premium :<\/b><\/p>\n<ul data-path-to-node=\"18,2,1\">\n<li>\n<p data-path-to-node=\"18,2,1,0,0\"><b>Plateau :<\/b> Bois de <b>peuplier<\/b> robuste de <b>10 mm<\/b> d&rsquo;\u00e9paisseur, assurant l\u00e9g\u00e8ret\u00e9 et solidit\u00e9.<\/p>\n<\/li>\n<li>\n<p data-path-to-node=\"18,2,1,1,0\"><b>Chiffres :<\/b> \u00c9l\u00e9ments en <b>ch\u00eane<\/b> d\u00e9coup\u00e9, ajoutant un contraste et un relief \u00e9l\u00e9gants.<\/p>\n<\/li>\n<li>\n<p data-path-to-node=\"18,2,1,2,0\"><b>Aiguilles :<\/b> Fabriqu\u00e9es en <b>bois<\/b>, un d\u00e9tail qui renforce l&rsquo;aspect artisanal de la pi\u00e8ce.<\/p>\n<\/li>\n<\/ul>\n<\/li>\n<li>\n<p data-path-to-node=\"18,3,0\"><b>Motif Central :<\/b> Gravure d\u00e9taill\u00e9e d&rsquo;un <b>chat<\/b> au centre, entour\u00e9e de subtils motifs de rouage.<\/p>\n<\/li>\n<li>\n<p data-path-to-node=\"18,4,0\"><b>M\u00e9canisme :<\/b> \u00c9quip\u00e9e d&rsquo;un <b>m\u00e9canisme silencieux<\/b>, id\u00e9al pour une chambre, un bureau ou tout espace de vie o\u00f9 le calme est essentiel.<\/p>\n<\/li>\n<li>\n<p data-path-to-node=\"18,5,0\"><b>Finition :<\/b> Trait\u00e9e avec un <b>vernis<\/b> de haute qualit\u00e9, elle garantit la protection du bois et de la r\u00e9sine, tout en offrant un \u00e9clat durable.<\/p>\n<\/li>\n<li>\n<p data-path-to-node=\"18,6,0\"><b>Installation :<\/b> Livr\u00e9e avec sa <b>fixation<\/b> murale<\/p>\n<\/li>\n<\/ul>\n","protected":false},"excerpt":{"rendered":"<p data-path-to-node=\"14\">\n<p data-path-to-node=\"15\">\n","protected":false},"featured_media":1123,"comment_status":"open","ping_status":"closed","template":"","meta":{"_monsterinsights_skip_tracking":false,"_monsterinsights_sitenote_active":false,"_monsterinsights_sitenote_note":"","_monsterinsights_sitenote_category":0,"_uf_show_specific_survey":0,"_uf_disable_surveys":false},"product_brand":[],"product_cat":[18,40],"product_tag":[83,80,109,79,85,141,108,78,203,66,115,205,202,107,31,204,92],"class_list":{"0":"post-1119","1":"product","2":"type-product","3":"status-publish","4":"has-post-thumbnail","6":"product_cat-horloges-bois-noble-epoxy-murales","7":"product_cat-horloges-epoxy-bois-theme","8":"product_tag-artisanat","9":"product_tag-artisannale","10":"product_tag-cadeau","11":"product_tag-chat","12":"product_tag-chene","13":"product_tag-chiffres-romains","14":"product_tag-decoration-murale","15":"product_tag-epoxy","16":"product_tag-epoxy-cuivre","17":"product_tag-fait-main","18":"product_tag-horloge-bois-epoxy","19":"product_tag-horloge-chat","20":"product_tag-horloge-epoxy","21":"product_tag-horloge-murale","22":"product_tag-horloge","23":"product_tag-mecanisme-silencieux","24":"product_tag-peuplier","25":"description-off","27":"first","28":"onbackorder","29":"purchasable","30":"product-type-simple"},"yoast_head":"<!-- This site is optimized with the Yoast SEO Premium plugin v26.0 (Yoast SEO v26.0) - https:\/\/yoast.com\/wordpress\/plugins\/seo\/ -->\n<title>Horloge Murale \u00c9poxy Rouge Cuivr\u00e9 &amp; Bois avec Chat<\/title>\n<meta name=\"description\" content=\"Horloge murale unique en \u00e9poxy cuivr\u00e9 orang\u00e9 et bois de peuplier avec un motif de chat majestueux. Chiffres en ch\u00eane, m\u00e9canisme silencieux. Fait main.\" \/>\n<meta name=\"robots\" content=\"index, follow, max-snippet:-1, max-image-preview:large, max-video-preview:-1\" \/>\n<link rel=\"canonical\" href=\"https:\/\/sdcreation16.fr\/index.php\/product\/horloge-chat-en-peuplier-et-epoxy-o35cm\/\" \/>\n<meta property=\"og:locale\" content=\"fr_FR\" \/>\n<meta property=\"og:type\" content=\"article\" \/>\n<meta property=\"og:title\" content=\"horloge chat en peuplier et epoxy \u00d835cm\" \/>\n<meta property=\"og:description\" content=\"Horloge murale unique en \u00e9poxy cuivr\u00e9 orang\u00e9 et bois de peuplier avec un motif de chat majestueux. Chiffres en ch\u00eane, m\u00e9canisme silencieux. Fait main.\" \/>\n<meta property=\"og:url\" content=\"https:\/\/sdcreation16.fr\/index.php\/product\/horloge-chat-en-peuplier-et-epoxy-o35cm\/\" \/>\n<meta property=\"og:site_name\" content=\"SDcr\u00e9ation\" \/>\n<meta property=\"article:publisher\" content=\"https:\/\/www.facebook.com\/sdcreation.damase.10\" \/>\n<meta property=\"article:modified_time\" content=\"2025-11-14T14:23:00+00:00\" \/>\n<meta property=\"og:image\" content=\"https:\/\/sdcreation16.fr\/wp-content\/uploads\/2025\/05\/497505766_1335444695256842_7390491484909534945_n.jpg\" \/>\n\t<meta property=\"og:image:width\" content=\"1536\" \/>\n\t<meta property=\"og:image:height\" content=\"1522\" \/>\n\t<meta property=\"og:image:type\" content=\"image\/jpeg\" \/>\n<meta name=\"twitter:card\" content=\"summary_large_image\" \/>\n<meta name=\"twitter:label1\" content=\"Prix\" \/>\n\t<meta name=\"twitter:data1\" content=\"&euro;55,00\" \/>\n\t<meta name=\"twitter:label2\" content=\"Disponibilit\u00e9\" \/>\n\t<meta name=\"twitter:data2\" content=\"En r\u00e9assort\" \/>\n<script type=\"application\/ld+json\" class=\"yoast-schema-graph\">{\"@context\":\"https:\/\/schema.org\",\"@graph\":[{\"@type\":\"WebPage\",\"@id\":\"https:\/\/sdcreation16.fr\/index.php\/product\/horloge-chat-en-peuplier-et-epoxy-o35cm\/\",\"url\":\"https:\/\/sdcreation16.fr\/index.php\/product\/horloge-chat-en-peuplier-et-epoxy-o35cm\/\",\"name\":\"Horloge Murale \u00c9poxy Rouge Cuivr\u00e9 & Bois avec Chat\",\"isPartOf\":{\"@id\":\"https:\/\/sdcreation16.fr\/#website\"},\"primaryImageOfPage\":{\"@id\":\"https:\/\/sdcreation16.fr\/index.php\/product\/horloge-chat-en-peuplier-et-epoxy-o35cm\/#primaryimage\"},\"image\":{\"@id\":\"https:\/\/sdcreation16.fr\/index.php\/product\/horloge-chat-en-peuplier-et-epoxy-o35cm\/#primaryimage\"},\"thumbnailUrl\":\"https:\/\/sdcreation16.fr\/wp-content\/uploads\/2025\/05\/497505766_1335444695256842_7390491484909534945_n.jpg\",\"datePublished\":\"2025-05-11T17:41:19+00:00\",\"dateModified\":\"2025-11-14T14:23:00+00:00\",\"description\":\"Horloge murale unique en \u00e9poxy cuivr\u00e9 orang\u00e9 et bois de peuplier avec un motif de chat majestueux. Chiffres en ch\u00eane, m\u00e9canisme silencieux. Fait main.\",\"breadcrumb\":{\"@id\":\"https:\/\/sdcreation16.fr\/index.php\/product\/horloge-chat-en-peuplier-et-epoxy-o35cm\/#breadcrumb\"},\"inLanguage\":\"fr-FR\",\"potentialAction\":[{\"@type\":\"ReadAction\",\"target\":[\"https:\/\/sdcreation16.fr\/index.php\/product\/horloge-chat-en-peuplier-et-epoxy-o35cm\/\"]}]},{\"@type\":\"ImageObject\",\"inLanguage\":\"fr-FR\",\"@id\":\"https:\/\/sdcreation16.fr\/index.php\/product\/horloge-chat-en-peuplier-et-epoxy-o35cm\/#primaryimage\",\"url\":\"https:\/\/sdcreation16.fr\/wp-content\/uploads\/2025\/05\/497505766_1335444695256842_7390491484909534945_n.jpg\",\"contentUrl\":\"https:\/\/sdcreation16.fr\/wp-content\/uploads\/2025\/05\/497505766_1335444695256842_7390491484909534945_n.jpg\",\"width\":1536,\"height\":1522,\"caption\":\"horloge mural chat en \u00e9poxy\"},{\"@type\":\"BreadcrumbList\",\"@id\":\"https:\/\/sdcreation16.fr\/index.php\/product\/horloge-chat-en-peuplier-et-epoxy-o35cm\/#breadcrumb\",\"itemListElement\":[{\"@type\":\"ListItem\",\"position\":1,\"name\":\"Accueil\",\"item\":\"https:\/\/sdcreation16.fr\/\"},{\"@type\":\"ListItem\",\"position\":2,\"name\":\"Products\",\"item\":\"https:\/\/sdcreation16.fr\/index.php\/shop\/\"},{\"@type\":\"ListItem\",\"position\":3,\"name\":\"horloge chat en peuplier et epoxy \u00d835cm\"}]},{\"@type\":\"WebSite\",\"@id\":\"https:\/\/sdcreation16.fr\/#website\",\"url\":\"https:\/\/sdcreation16.fr\/\",\"name\":\"SDcr\u00e9ation\",\"description\":\"L&#039;association de la r\u00e9sine et du bois.\",\"publisher\":{\"@id\":\"https:\/\/sdcreation16.fr\/#organization\"},\"potentialAction\":[{\"@type\":\"SearchAction\",\"target\":{\"@type\":\"EntryPoint\",\"urlTemplate\":\"https:\/\/sdcreation16.fr\/?s={search_term_string}\"},\"query-input\":{\"@type\":\"PropertyValueSpecification\",\"valueRequired\":true,\"valueName\":\"search_term_string\"}}],\"inLanguage\":\"fr-FR\"},{\"@type\":\"Organization\",\"@id\":\"https:\/\/sdcreation16.fr\/#organization\",\"name\":\"sd creation\",\"url\":\"https:\/\/sdcreation16.fr\/\",\"logo\":{\"@type\":\"ImageObject\",\"inLanguage\":\"fr-FR\",\"@id\":\"https:\/\/sdcreation16.fr\/#\/schema\/logo\/image\/\",\"url\":\"https:\/\/sdcreation16.fr\/wp-content\/uploads\/2020\/12\/new-logo.png\",\"contentUrl\":\"https:\/\/sdcreation16.fr\/wp-content\/uploads\/2020\/12\/new-logo.png\",\"width\":595,\"height\":100,\"caption\":\"sd creation\"},\"image\":{\"@id\":\"https:\/\/sdcreation16.fr\/#\/schema\/logo\/image\/\"},\"sameAs\":[\"https:\/\/www.facebook.com\/sdcreation.damase.10\"]}]}<\/script>\n<meta property=\"product:price:amount\" content=\"55.00\" \/>\n<meta property=\"product:price:currency\" content=\"EUR\" \/>\n<meta property=\"og:availability\" content=\"backorder\" \/>\n<meta property=\"product:availability\" content=\"available for order\" \/>\n<meta property=\"product:condition\" content=\"new\" \/>\n<!-- \/ Yoast SEO Premium plugin. -->","yoast_head_json":{"title":"Horloge Murale \u00c9poxy Rouge Cuivr\u00e9 & Bois avec Chat","description":"Horloge murale unique en \u00e9poxy cuivr\u00e9 orang\u00e9 et bois de peuplier avec un motif de chat majestueux. Chiffres en ch\u00eane, m\u00e9canisme silencieux. Fait main.","robots":{"index":"index","follow":"follow","max-snippet":"max-snippet:-1","max-image-preview":"max-image-preview:large","max-video-preview":"max-video-preview:-1"},"canonical":"https:\/\/sdcreation16.fr\/index.php\/product\/horloge-chat-en-peuplier-et-epoxy-o35cm\/","og_locale":"fr_FR","og_type":"article","og_title":"horloge chat en peuplier et epoxy \u00d835cm","og_description":"Horloge murale unique en \u00e9poxy cuivr\u00e9 orang\u00e9 et bois de peuplier avec un motif de chat majestueux. Chiffres en ch\u00eane, m\u00e9canisme silencieux. Fait main.","og_url":"https:\/\/sdcreation16.fr\/index.php\/product\/horloge-chat-en-peuplier-et-epoxy-o35cm\/","og_site_name":"SDcr\u00e9ation","article_publisher":"https:\/\/www.facebook.com\/sdcreation.damase.10","article_modified_time":"2025-11-14T14:23:00+00:00","og_image":[{"width":1536,"height":1522,"url":"https:\/\/sdcreation16.fr\/wp-content\/uploads\/2025\/05\/497505766_1335444695256842_7390491484909534945_n.jpg","type":"image\/jpeg"}],"twitter_card":"summary_large_image","twitter_misc":{"Prix":"&euro;55,00","Disponibilit\u00e9":"En r\u00e9assort"},"schema":{"@context":"https:\/\/schema.org","@graph":[{"@type":"WebPage","@id":"https:\/\/sdcreation16.fr\/index.php\/product\/horloge-chat-en-peuplier-et-epoxy-o35cm\/","url":"https:\/\/sdcreation16.fr\/index.php\/product\/horloge-chat-en-peuplier-et-epoxy-o35cm\/","name":"Horloge Murale \u00c9poxy Rouge Cuivr\u00e9 & Bois avec Chat","isPartOf":{"@id":"https:\/\/sdcreation16.fr\/#website"},"primaryImageOfPage":{"@id":"https:\/\/sdcreation16.fr\/index.php\/product\/horloge-chat-en-peuplier-et-epoxy-o35cm\/#primaryimage"},"image":{"@id":"https:\/\/sdcreation16.fr\/index.php\/product\/horloge-chat-en-peuplier-et-epoxy-o35cm\/#primaryimage"},"thumbnailUrl":"https:\/\/sdcreation16.fr\/wp-content\/uploads\/2025\/05\/497505766_1335444695256842_7390491484909534945_n.jpg","datePublished":"2025-05-11T17:41:19+00:00","dateModified":"2025-11-14T14:23:00+00:00","description":"Horloge murale unique en \u00e9poxy cuivr\u00e9 orang\u00e9 et bois de peuplier avec un motif de chat majestueux. Chiffres en ch\u00eane, m\u00e9canisme silencieux. Fait main.","breadcrumb":{"@id":"https:\/\/sdcreation16.fr\/index.php\/product\/horloge-chat-en-peuplier-et-epoxy-o35cm\/#breadcrumb"},"inLanguage":"fr-FR","potentialAction":[{"@type":"ReadAction","target":["https:\/\/sdcreation16.fr\/index.php\/product\/horloge-chat-en-peuplier-et-epoxy-o35cm\/"]}]},{"@type":"ImageObject","inLanguage":"fr-FR","@id":"https:\/\/sdcreation16.fr\/index.php\/product\/horloge-chat-en-peuplier-et-epoxy-o35cm\/#primaryimage","url":"https:\/\/sdcreation16.fr\/wp-content\/uploads\/2025\/05\/497505766_1335444695256842_7390491484909534945_n.jpg","contentUrl":"https:\/\/sdcreation16.fr\/wp-content\/uploads\/2025\/05\/497505766_1335444695256842_7390491484909534945_n.jpg","width":1536,"height":1522,"caption":"horloge mural chat en \u00e9poxy"},{"@type":"BreadcrumbList","@id":"https:\/\/sdcreation16.fr\/index.php\/product\/horloge-chat-en-peuplier-et-epoxy-o35cm\/#breadcrumb","itemListElement":[{"@type":"ListItem","position":1,"name":"Accueil","item":"https:\/\/sdcreation16.fr\/"},{"@type":"ListItem","position":2,"name":"Products","item":"https:\/\/sdcreation16.fr\/index.php\/shop\/"},{"@type":"ListItem","position":3,"name":"horloge chat en peuplier et epoxy \u00d835cm"}]},{"@type":"WebSite","@id":"https:\/\/sdcreation16.fr\/#website","url":"https:\/\/sdcreation16.fr\/","name":"SDcr\u00e9ation","description":"L&#039;association de la r\u00e9sine et du bois.","publisher":{"@id":"https:\/\/sdcreation16.fr\/#organization"},"potentialAction":[{"@type":"SearchAction","target":{"@type":"EntryPoint","urlTemplate":"https:\/\/sdcreation16.fr\/?s={search_term_string}"},"query-input":{"@type":"PropertyValueSpecification","valueRequired":true,"valueName":"search_term_string"}}],"inLanguage":"fr-FR"},{"@type":"Organization","@id":"https:\/\/sdcreation16.fr\/#organization","name":"sd creation","url":"https:\/\/sdcreation16.fr\/","logo":{"@type":"ImageObject","inLanguage":"fr-FR","@id":"https:\/\/sdcreation16.fr\/#\/schema\/logo\/image\/","url":"https:\/\/sdcreation16.fr\/wp-content\/uploads\/2020\/12\/new-logo.png","contentUrl":"https:\/\/sdcreation16.fr\/wp-content\/uploads\/2020\/12\/new-logo.png","width":595,"height":100,"caption":"sd creation"},"image":{"@id":"https:\/\/sdcreation16.fr\/#\/schema\/logo\/image\/"},"sameAs":["https:\/\/www.facebook.com\/sdcreation.damase.10"]}]},"product_price_amount":"55.00","product_price_currency":"EUR","og_availability":"backorder","product_availability":"available for order","product_condition":"new"},"_links":{"self":[{"href":"https:\/\/sdcreation16.fr\/index.php\/wp-json\/wp\/v2\/product\/1119","targetHints":{"allow":["GET"]}}],"collection":[{"href":"https:\/\/sdcreation16.fr\/index.php\/wp-json\/wp\/v2\/product"}],"about":[{"href":"https:\/\/sdcreation16.fr\/index.php\/wp-json\/wp\/v2\/types\/product"}],"replies":[{"embeddable":true,"href":"https:\/\/sdcreation16.fr\/index.php\/wp-json\/wp\/v2\/comments?post=1119"}],"wp:featuredmedia":[{"embeddable":true,"href":"https:\/\/sdcreation16.fr\/index.php\/wp-json\/wp\/v2\/media\/1123"}],"wp:attachment":[{"href":"https:\/\/sdcreation16.fr\/index.php\/wp-json\/wp\/v2\/media?parent=1119"}],"wp:term":[{"taxonomy":"product_brand","embeddable":true,"href":"https:\/\/sdcreation16.fr\/index.php\/wp-json\/wp\/v2\/product_brand?post=1119"},{"taxonomy":"product_cat","embeddable":true,"href":"https:\/\/sdcreation16.fr\/index.php\/wp-json\/wp\/v2\/product_cat?post=1119"},{"taxonomy":"product_tag","embeddable":true,"href":"https:\/\/sdcreation16.fr\/index.php\/wp-json\/wp\/v2\/product_tag?post=1119"}],"curies":[{"name":"wp","href":"https:\/\/api.w.org\/{rel}","templated":true}]}}